t n be 6 + (1 - (5 - 2)). Let p(o) = n*o - o**2 - 3 - 2 + 0. Suppose 4 = 3*j - 8. What is p(j)?
-5
Let q(t) be the second derivative of 0 + 1/3*t**3 - 4*t + 1/2*t**2. What is q(1)?
3
Let n(t) = -2*t - 13. Let f be n(-9). Let x(g) = -12 - 3*g**2 + g**3 - 2*g**2 + 10 - f*g. Give x(6).
4
Let b(u) = -u**3 - u**2 + 2. Let z be b(0). Let i(j) = -j - 3. Let g be i(-5). Let l(h) = 5*h**2 - 2*h + 1 - 7*h**2 + 2*h**3 + g. Calculate l(z).
7
Let d(x) = -26 + 3*x + 13 + 10. Determine d(3).
6
Let b(r) = 5 - 4*r + r - 2*r + 3*r. Give b(6).
-7
Let w = 7 + -2. Let g(t) be the second derivative of t**3/2 - 7*t**2/2 - 11*t + 2. Calculate g(w).
8
Let o(t) = t**3 - t**2 + 0*t + 5 + t + 4. Let s = 33 + -25. Suppose c - 3*k - s = 1, -3*c + 3*k = -9. Calculate o(c).
9
Let c = 0 + 2. Let z(n) = 3 + 5 + n + 0*n - c. Determine z(-5).
1
Let y(z) = -z. Let l(c) = -4*c + 1. Let v be l(1). Let m(b) = -4*b - 10. Let u(o) = v*y(o) + m(o). Determine u(0).
-10
Suppose -10 = -4*m + 10. Suppose 0*d = -m*d. Let r(h) = h**3 + h**2 + h - 3. Calculate r(d).
-3
Let w(s) be the third derivative of 0*s**3 + 1/120*s**6 + 0*s + 1/12*s**4 + 0 - 1/20*s**5 - s**2. Give w(3).
6
Let u(t) = -t**2 - 7*t + 3. Let m be u(-7). Let j(k) = -k**3 + 3*k**2 + 3*k - 3. Calculate j(m).
6
Let h(m) = m**3 + 7*m**2 - m + 1. Let b be h(-7). Let n = b + 2. Let i(j) = -n + 3 + 0 - j**3 - 5*j**2 - 2*j. Calculate i(-5).
3
Let l(b) = 0 - b**2 + 8 + 107*b - 115*b. Give l(-8).
8
Let c(z) = -4*z**3 + 2*z**3 - z**2 - 1 + 0*z + 2*z. Let d be c(1). Let x(u) = -5*u - 5. Let w(p) = -10*p - 9. Let s(q) = 3*w(q) - 5*x(q). What is s(d)?
8
Let k(g) = 4*g + 1. Let w be k(-2). Let v(d) = -d**3 - 6*d**2 + 8*d + 5. What is v(w)?
-2
Let v(q) = q**2 - 7*q + 4. Let m(b) = -4*b - 38. Let h be m(-11). Give v(h).
-2
Let l(f) = -f**3 + 3*f**2 + f + 1. Let u = -52 + 55. Determine l(u).
4
Suppose -n + 9 = -5*h + 37, 14 = 3*h - 2*n. Let f(d) = 2*d + d - 4*d + 3. What is f(h)?
-3
Let r(n) = -18*n**2 + 2*n - 1. Let k = -123 - -124. Give r(k).
-17
Let q = 21 + -12. Let n = -12 + q. Let u(j) = -j**3 - 4*j**2 - 2*j + 4. What is u(n)?
1
Let t(l) be the second derivative of 2*l**5/5 - l**3/3 - l**2/2 - l. Suppose -2*n - 2*x = -2, 3*n + 5*x - 7 = -0*n. Calculate t(n).
-7
Let n(m) = -3*m. Let f(a) = -a. Let i(v) = 4*f(v) - 3*n(v). Suppose 9*g - 4*g + 15 = 0, g - 7 = 5*s. Give i(s).
-10
Let w(b) = b**3 - 4*b**2 + b - 2. Let r(c) = -c**3 - c**2 + c + 2. Let m = -4 - -2. Let u be r(m). Let n be w(u). Let h(v) = v**2 - 2*v. Determine h(n).
0
Let r(n) be the third derivative of -n**6/120 + n**5/12 - n**4/12 + n**3/6 - 7*n**2. Let b = -1 - 1. Let i(w) = 2*w**2 + 2*w - 2. Let a be i(b). What is r(a)?
9
Let h(q) = -4*q + 9. Let b(f) = 8*f - 19. Let l(y) = 6*b(y) + 13*h(y). Let i(o) = -2*o + 18. Let w be i(8). Give l(w).
-5
Let r(i) = -6*i**3 + 2*i**2 + 2*i + 3. Let l(t) = -t**3 + t**2 + 1. Let n(j) = -4*l(j) + r(j). Suppose 0 = 9*y - 3*y - 6. What is n(y)?
-3
Let o(h) = -9*h - 2. Let t be o(-2). Suppose 2*q + 4 = 2*s + t, 5*s = -5*q - 10. Let b(k) = k**3 + 6*k**2 + 7*k + 4. What is b(s)?
8
Suppose -4*q + 13 = 5. Let o(f) = -f - 2. Let k be o(-4). Let y(j) = 0 - 3*j - 2*j**2 - 3*j**3 - k + q*j**3. Give y(-2).
4
Let m(t) = -t**2 - 10*t + 2. Let x be m(-10). Let y be (1/x)/((-6)/24). Let o(a) = 3*a - 2. Determine o(y).
-8
Let v(f) = f**2 + 4*f + 1. Suppose -7*h = -2*h - 20. Let m be (-2)/h - (-34)/4. Suppose 0 = 2*o + m. Calculate v(o).
1
Let o(x) = -1 + 4*x + 2 - 10*x. Let r(g) = g. Let m(n) = o(n) + 3*r(n). Suppose 12*s - 7*s = -5. Determine m(s).
4
Let b(d) = d**2 - 3*d + 2. Let c = -38 - -41. Give b(c).
2
Let u(h) = h. Let t(w) be the first derivative of w**4/4 - w**3 - 9*w**2/2 - 3*w - 1. Let l(z) = -t(z) - 6*u(z). Calculate l(4).
-1
Let v(t) = -t**3 + 5*t**2 - 3*t - 4. Let i be v(3). Suppose -i*y = -y - 4. Let h(c) be the second derivative of c**3/6 + 2*c. Give h(y).
1
Let c(i) = 4*i - 6*i + 5*i - 4*i - 3. Determine c(0).
-3
Suppose 3*r = 5 + 13. Let x(w) = -4*w + 2. Give x(r).
-22
Let o(v) be the first derivative of -v**2/2 + 5*v + 3. Let j(t) = t**2 - 4*t - 8. Let z be j(6). Give o(z).
1
Let w(m) = 13 - 6 - 3*m - 8. What is w(-1)?
2
Let f(b) be the first derivative of 1 - b**3 + 0*b + 3/2*b**2 - 1/4*b**4. Suppose -a + 4*y = 12, 1 + 1 = a + 3*y. Calculate f(a).
4
Let l(n) = 5*n - 4 - 3*n - 5*n + 2. Let x(w) = -w + 6. Let m(h) = h - 5. Let d(s) = -7*m(s) - 6*x(s). Let o(z) = -5*d(z) + 2*l(z). Give o(2).
-1
Suppose -5*v + 7*t = 3*t - 2, 0 = -4*v + 4*t. Let y(c) = -3*c + 2. Let s be y(v). Let x(w) = w**2 + 4*w + 6. Give x(s).
6
Let u(f) = -3 + 2*f - 3*f - 6*f**2 + 2 + 3 - f**3. Give u(-6).
8
Let y(r) = r**2 + 2*r - 3. Let t = 39 + -43. Calculate y(t).
5
Let g(z) = -1 - 3 + 4 - 1. Let k(x) = -x + 1. Let q(i) = -5*g(i) - 6*k(i). Determine q(1).
5
Let y(x) = x**3 + 5*x**2 + 3*x + 4. Let q(d) = -d**2 + 11*d + 9. Let f be q(12). Calculate y(f).
13
Let b be (2/4)/(1/(-6)). Let n(i) = -2*i - 3. Let c(g) = -g - 1. Let w(o) = -12*c(o) + 4*n(o). What is w(b)?
-12
Let k(j) = j**2 + j + 2. Let o(u) = 6*u**2 + 5*u + 1. Let p(s) = -5*k(s) + o(s). Suppose 2*v = 7*v. Give p(v).
-9
Let s(q) = -q**3 - 5*q**2 - 2*q + 2. Suppose -2*i - 2*o - 46 = 0, -2*o + 6*o + 12 = 0. Let m = 17 + i. Calculate s(m).
-10
Let k(y) = -5*y**3 - 7*y**2 + 5*y - 1. Let i(m) = -9*m**3 - 13*m**2 + 10*m - 2. Let g(b) = 4*i(b) - 7*k(b). Give g(-4).
-5
Let j be 0 + (-3)/15 + (-54)/(-45). Let d(l) = 2*l + 1. What is d(j)?
3
Let z(x) = -6*x**2 - 2*x + 6. Let v(y) = 10 - 5*y**2 - 2*y - 5 - y**2. Let i(r) = 5*v(r) - 4*z(r). Let q = -13 - -14. Determine i(q).
-7
Let t(i) = i**2 + 5*i - 1. Let c = -3 - 3. Calculate t(c).
5
Let d(p) = 0*p + 0*p**2 + 3*p + 0*p**3 + 1 + p**3 + 3*p**2. Give d(-3).
-8
Suppose -7*h + 2*h + 45 = 0. Let o be (-4)/(-6)*(3 - h). Let v(g) = -2*g**2 - 6*g. Calculate v(o).
-8
Suppose -7*d = -18*d + 11. Let h(j) = 4*j. Determine h(d).
4
Let z(v) = -v + 1 - 4 + 1. Let b be z(-5). Let i(r) = 5*r**3 - 6*r**2 + 2. Let x(p) = p**3 - p**2 + 1. Let u(j) = i(j) - 4*x(j). Give u(b).
7
Let m be 4/6 - (-10)/3. Let k(z) be the first derivative of -7/3*z**3 - 5*z + 3*z**2 - 1 + 1/4*z**m. Calculate k(6).
-5
Let w(s) = -s**3 - 6*s**2 - 6*s + 1. Let k(v) = -v**3 + v**2 - 1. Let t be k(2). What is w(t)?
6
Let u(c) = -c**3 - 4*c**2 + c - 2. Let m be u(-4). Let l(v) = -v**3 - 5*v**2 + 6*v + 2. What is l(m)?
2
Let s(i) be the third derivative of 2*i**2 - 1/360*i**6 - 1/8*i**4 + 0 + 0*i - 1/2*i**3 - 1/24*i**5. Let p(z) be the first derivative of s(z). Calculate p(-5).
-3
Suppose 0*v = -v + 2*s - 1, 3*v + 3 = 2*s. Let x be (-1 + (2 - 1))*v. Suppose x = 2*p - 3*p - 3. Let j(k) = -3*k - 4. Calculate j(p).
5
Let n = -14 - -20. Suppose 3 = -3*t + n. Let x(q) be the first derivative of 2*q**3 - q**2/2 + q + 1. Calculate x(t).
6
Let l(q) = 10*q - 2*q - 11*q. Suppose -3*j + 4*t + t + 21 = 0, -3*j = 2*t. Let x be 1/j + (-12)/8. Calculate l(x).
3
Suppose -40 = -12*f - 16. Let r(p) = -p**2 - 1. Let c(z) = z**2 - 2*z - 3. Let g(t) = -c(t) + 2*r(t). Determine g(f).
-7
Let c(t) = -t**3 + t + 36*t**2 - 16*t**2 - 7 - 13*t**2 + 1. Let p be -1 + (2 - 3 - -9). Calculate c(p).
1
Let i = 120 - 114. Let x(y) = y**3 - 6*y**2 - 2*y + 7. What is x(i)?
-5
Let w(s) = s**3 + 7*s**2 - 2*s - 9. Let m be w(-7). Let x(d) = m*d**2 + d + 4*d**2 - 2*d**2. Calculate x(1).
8
Let g(y) = -y + 8. Let p be g(6). Suppose 14 = 3*j - 4*v, 0 = -j + p*j - 3*v - 8. Let n(c) = 3*c - 3*c**j - c**3 + c + 4*c**2. Calculate n(3).
-6
Let o(j) = -6*j**2 - j + 1. Let s(z) = -z**2 + 2. Let u be s(-1). Calculate o(u).
-6
Let z(u) = 3*u**2. Let t(x) = -x**3 - 8*x**2 - 7*x - 1. Let i be t(-7). Calculate z(i).
3
Let h(b) be the second derivative of -b**4/4 - b**3/6 - b**2/2 - 36*b. Determine h(2).
-15
Let g(l) be the first derivative of l**3/3 - 1. Let q = -20 - -20. Calculate g(q).
0
Let u(b) = -b**3 - 5*b**2 + 4*b + 1. Let h be u(-6). Suppose 0*w + 32 = -4*w. Let z = w + h. Let o(l) = -l**3 + 5*l**2 - 2*l + 6. Give o(z).
-4
Let q be (-2 - -4)/((-1)/(-2)). Let i(d) = d**3 - 4*d**2 - 6*d + 5. Let k be i(5). Let z(w) = -q*w + k*w + 2*w. Determine z(1).
-2
Let t(p) be the second derivative of 0 + p**2 - 1/10*p**5 - 2/3*p**3 - 8*p + 1/4*p**4. Calculate t(2).
-10
Let b = 72 + -67. Let x(v) = v**2 - 7*v + 4. Give x(b).
-6
Suppose -q = -4*q + 6. Let d(y) = -3*y**3 + y